{"id":2178,"date":"2020-06-25T12:49:58","date_gmt":"2020-06-25T10:49:58","guid":{"rendered":"https:\/\/www.wiss.com.pl\/_www_wiss_polska\/stronanowa\/?page_id=2178"},"modified":"2022-07-12T17:49:17","modified_gmt":"2022-07-12T15:49:17","slug":"samochody","status":"publish","type":"page","link":"https:\/\/www.wiss.com.pl\/en\/samochody\/","title":{"rendered":"samochody"},"content":{"rendered":"<p>[vc_row][vc_column][vc_row_inner][vc_column_inner][line_solid][\/vc_column_inner][\/vc_row_inner][\/vc_column][\/vc_row][vc_row][vc_column][heading text=&#8221;POJAZDY KLASY LEKKIEJ STRA\u017bY PO\u017bARNEJ&#8221; tag=&#8221;h1&#8243; align=&#8221;center&#8221; color=&#8221;#878787&#8243;][\/vc_column][\/vc_row][vc_row][vc_column][vc_column_text el_class=&#8221;descriprion_opis&#8221;]<\/p>\n<h3>Przedzia\u0142 od 2 do 7,5 tony &#8211; auta wykorzystywane w akcjach ratunkowych jako jednostki pomocnicze. W zale\u017cno\u015bci od wymaga\u0144 Klienta wyposa\u017cone w specjalistyczny sprz\u0119t najwy\u017cszej jako\u015bci.<\/h3>\n<p>[\/vc_column_text][vc_row_inner][vc_column_inner][\/vc_column_inner][\/vc_row_inner][\/vc_column][\/vc_row][vc_row fullwidth=&#8221;yes&#8221;][vc_column width=&#8221;1\/6&#8243;][\/vc_column][vc_column width=&#8221;2\/3&#8243;][vc_column_text el_class=&#8221;name_description&#8221;]<\/p>\n<h4 style=\"text-align: left;\">Wszystkie<\/h4>\n<p>[\/vc_column_text][line_solid][vc_basic_grid post_type=&#8221;portfolio&#8221; max_items=&#8221;-1&#8243; style=&#8221;lazy&#8221; items_per_page=&#8221;2&#8243; element_width=&#8221;6&#8243; gap=&#8221;35&#8243; initial_loading_animation=&#8221;fadeInLeft&#8221; grid_id=&#8221;vc_gid:1657640942321-f68d83f2-ffbd-0&#8243; taxonomies=&#8221;34&#8243;][\/vc_column][vc_column width=&#8221;1\/6&#8243;][\/vc_column][\/vc_row]<\/p>\n","protected":false},"excerpt":{"rendered":"<p>[vc_row][vc_column][vc_row_inner][vc_column_inner][line_solid][\/vc_column_inner][\/vc_row_inner][\/vc_column][\/vc_row][vc_row][vc_column][heading text=&#8221;POJAZDY KLASY LEKKIEJ STRA\u017bY PO\u017bARNEJ&#8221; tag=&#8221;h1&#8243; align=&#8221;center&#8221; color=&#8221;#878787&#8243;][\/vc_column][\/vc_row][vc_row][vc_column][vc_column_text el_class=&#8221;descriprion_opis&#8221;] Przedzia\u0142 od 2 do 7,5 tony &#8211; auta wykorzystywane w akcjach ratunkowych jako jednostki pomocnicze. W zale\u017cno\u015bci od wymaga\u0144 Klienta wyposa\u017cone w specjalistyczny sprz\u0119t najwy\u017cszej jako\u015bci. [\/vc_column_text][vc_row_inner][vc_column_inner][\/vc_column_inner][\/vc_row_inner][\/vc_column][\/vc_row][vc_row fullwidth=&#8221;yes&#8221;][vc_column width=&#8221;1\/6&#8243;][\/vc_column][vc_column width=&#8221;2\/3&#8243;][vc_column_text el_class=&#8221;name_description&#8221;] Wszystkie [\/vc_column_text][line_solid][vc_basic_grid post_type=&#8221;portfolio&#8221; max_items=&#8221;-1&#8243; style=&#8221;lazy&#8221; items_per_page=&#8221;2&#8243; element_width=&#8221;6&#8243; gap=&#8221;35&#8243; initial_loading_animation=&#8221;fadeInLeft&#8221; grid_id=&#8221;vc_gid:1657640942321-f68d83f2-ffbd-0&#8243; taxonomies=&#8221;34&#8243;][\/vc_column][vc_column width=&#8221;1\/6&#8243;][\/vc_column][\/vc_row]<\/p>\n","protected":false},"author":1,"featured_media":0,"parent":0,"menu_order":0,"comment_status":"closed","ping_status":"closed","template":"page-templates\/template-canvas.php","meta":{"_acf_changed":false,"footnotes":""},"class_list":["post-2178","page","type-page","status-publish","hentry"],"acf":[],"yoast_head":"<!-- This site is optimized with the Yoast SEO plugin v27.4 - https:\/\/yoast.com\/product\/yoast-seo-wordpress\/ -->\n<title>samochody - WISS<\/title>\n<meta name=\"robots\" content=\"index, follow, max-snippet:-1, max-image-preview:large, max-video-preview:-1\" \/>\n<link rel=\"canonical\" href=\"https:\/\/www.wiss.com.pl\/en\/samochody\/\" \/>\n<meta property=\"og:locale\" content=\"en_US\" \/>\n<meta property=\"og:type\" content=\"article\" \/>\n<meta property=\"og:title\" content=\"samochody - WISS\" \/>\n<meta property=\"og:description\" content=\"[vc_row][vc_column][vc_row_inner][vc_column_inner][line_solid][\/vc_column_inner][\/vc_row_inner][\/vc_column][\/vc_row][vc_row][vc_column][heading text=&#8221;POJAZDY KLASY LEKKIEJ STRA\u017bY PO\u017bARNEJ&#8221; tag=&#8221;h1&#8243; align=&#8221;center&#8221; color=&#8221;#878787&#8243;][\/vc_column][\/vc_row][vc_row][vc_column][vc_column_text el_class=&#8221;descriprion_opis&#8221;] Przedzia\u0142 od 2 do 7,5 tony &#8211; auta wykorzystywane w akcjach ratunkowych jako jednostki pomocnicze. W zale\u017cno\u015bci od wymaga\u0144 Klienta wyposa\u017cone w specjalistyczny sprz\u0119t najwy\u017cszej jako\u015bci. [\/vc_column_text][vc_row_inner][vc_column_inner][\/vc_column_inner][\/vc_row_inner][\/vc_column][\/vc_row][vc_row fullwidth=&#8221;yes&#8221;][vc_column width=&#8221;1\/6&#8243;][\/vc_column][vc_column width=&#8221;2\/3&#8243;][vc_column_text el_class=&#8221;name_description&#8221;] Wszystkie [\/vc_column_text][line_solid][vc_basic_grid post_type=&#8221;portfolio&#8221; max_items=&#8221;-1&#8243; style=&#8221;lazy&#8221; items_per_page=&#8221;2&#8243; element_width=&#8221;6&#8243; gap=&#8221;35&#8243; initial_loading_animation=&#8221;fadeInLeft&#8221; grid_id=&#8221;vc_gid:1657640942321-f68d83f2-ffbd-0&#8243; taxonomies=&#8221;34&#8243;][\/vc_column][vc_column width=&#8221;1\/6&#8243;][\/vc_column][\/vc_row]\" \/>\n<meta property=\"og:url\" content=\"https:\/\/www.wiss.com.pl\/en\/samochody\/\" \/>\n<meta property=\"og:site_name\" content=\"WISS\" \/>\n<meta property=\"article:publisher\" content=\"https:\/\/www.facebook.com\/ISSwawrzaszek\/\" \/>\n<meta property=\"article:modified_time\" content=\"2022-07-12T15:49:17+00:00\" \/>\n<meta name=\"twitter:card\" content=\"summary_large_image\" \/>\n<meta name=\"twitter:label1\" content=\"Est. reading time\" \/>\n\t<meta name=\"twitter:data1\" content=\"1 minute\" \/>\n<script type=\"application\/ld+json\" class=\"yoast-schema-graph\">{\"@context\":\"https:\\\/\\\/schema.org\",\"@graph\":[{\"@type\":\"WebPage\",\"@id\":\"https:\\\/\\\/www.wiss.com.pl\\\/samochody\\\/\",\"url\":\"https:\\\/\\\/www.wiss.com.pl\\\/samochody\\\/\",\"name\":\"samochody - WISS\",\"isPartOf\":{\"@id\":\"https:\\\/\\\/www.wiss.com.pl\\\/#website\"},\"datePublished\":\"2020-06-25T10:49:58+00:00\",\"dateModified\":\"2022-07-12T15:49:17+00:00\",\"breadcrumb\":{\"@id\":\"https:\\\/\\\/www.wiss.com.pl\\\/samochody\\\/#breadcrumb\"},\"inLanguage\":\"en-US\",\"potentialAction\":[{\"@type\":\"ReadAction\",\"target\":[\"https:\\\/\\\/www.wiss.com.pl\\\/samochody\\\/\"]}]},{\"@type\":\"BreadcrumbList\",\"@id\":\"https:\\\/\\\/www.wiss.com.pl\\\/samochody\\\/#breadcrumb\",\"itemListElement\":[{\"@type\":\"ListItem\",\"position\":1,\"name\":\"Strona g\u0142\u00f3wna\",\"item\":\"https:\\\/\\\/www.wiss.com.pl\\\/\"},{\"@type\":\"ListItem\",\"position\":2,\"name\":\"samochody\"}]},{\"@type\":\"WebSite\",\"@id\":\"https:\\\/\\\/www.wiss.com.pl\\\/#website\",\"url\":\"https:\\\/\\\/www.wiss.com.pl\\\/\",\"name\":\"WISS Samochody Specjalne\",\"description\":\"Czo\u0142owy producent samochod\u00f3w po\u017carniczych w Polsce i Europie. Samochody przeznaczone dla s\u0142u\u017cb mundurowych, takich jak: stra\u017c po\u017carna, wojsko i policja.\",\"publisher\":{\"@id\":\"https:\\\/\\\/www.wiss.com.pl\\\/#organization\"},\"potentialAction\":[{\"@type\":\"SearchAction\",\"target\":{\"@type\":\"EntryPoint\",\"urlTemplate\":\"https:\\\/\\\/www.wiss.com.pl\\\/?s={search_term_string}\"},\"query-input\":{\"@type\":\"PropertyValueSpecification\",\"valueRequired\":true,\"valueName\":\"search_term_string\"}}],\"inLanguage\":\"en-US\"},{\"@type\":\"Organization\",\"@id\":\"https:\\\/\\\/www.wiss.com.pl\\\/#organization\",\"name\":\"WISS Samochody Specjalne\",\"url\":\"https:\\\/\\\/www.wiss.com.pl\\\/\",\"logo\":{\"@type\":\"ImageObject\",\"inLanguage\":\"en-US\",\"@id\":\"https:\\\/\\\/www.wiss.com.pl\\\/#\\\/schema\\\/logo\\\/image\\\/\",\"url\":\"https:\\\/\\\/www.wiss.com.pl\\\/wp-content\\\/uploads\\\/2025\\\/01\\\/logo_bezpieczenstwo6-1.jpg\",\"contentUrl\":\"https:\\\/\\\/www.wiss.com.pl\\\/wp-content\\\/uploads\\\/2025\\\/01\\\/logo_bezpieczenstwo6-1.jpg\",\"width\":1450,\"height\":407,\"caption\":\"WISS Samochody Specjalne\"},\"image\":{\"@id\":\"https:\\\/\\\/www.wiss.com.pl\\\/#\\\/schema\\\/logo\\\/image\\\/\"},\"sameAs\":[\"https:\\\/\\\/www.facebook.com\\\/ISSwawrzaszek\\\/\"]}]}<\/script>\n<!-- \/ Yoast SEO plugin. -->","yoast_head_json":{"title":"samochody - WISS","robots":{"index":"index","follow":"follow","max-snippet":"max-snippet:-1","max-image-preview":"max-image-preview:large","max-video-preview":"max-video-preview:-1"},"canonical":"https:\/\/www.wiss.com.pl\/en\/samochody\/","og_locale":"en_US","og_type":"article","og_title":"samochody - WISS","og_description":"[vc_row][vc_column][vc_row_inner][vc_column_inner][line_solid][\/vc_column_inner][\/vc_row_inner][\/vc_column][\/vc_row][vc_row][vc_column][heading text=&#8221;POJAZDY KLASY LEKKIEJ STRA\u017bY PO\u017bARNEJ&#8221; tag=&#8221;h1&#8243; align=&#8221;center&#8221; color=&#8221;#878787&#8243;][\/vc_column][\/vc_row][vc_row][vc_column][vc_column_text el_class=&#8221;descriprion_opis&#8221;] Przedzia\u0142 od 2 do 7,5 tony &#8211; auta wykorzystywane w akcjach ratunkowych jako jednostki pomocnicze. W zale\u017cno\u015bci od wymaga\u0144 Klienta wyposa\u017cone w specjalistyczny sprz\u0119t najwy\u017cszej jako\u015bci. [\/vc_column_text][vc_row_inner][vc_column_inner][\/vc_column_inner][\/vc_row_inner][\/vc_column][\/vc_row][vc_row fullwidth=&#8221;yes&#8221;][vc_column width=&#8221;1\/6&#8243;][\/vc_column][vc_column width=&#8221;2\/3&#8243;][vc_column_text el_class=&#8221;name_description&#8221;] Wszystkie [\/vc_column_text][line_solid][vc_basic_grid post_type=&#8221;portfolio&#8221; max_items=&#8221;-1&#8243; style=&#8221;lazy&#8221; items_per_page=&#8221;2&#8243; element_width=&#8221;6&#8243; gap=&#8221;35&#8243; initial_loading_animation=&#8221;fadeInLeft&#8221; grid_id=&#8221;vc_gid:1657640942321-f68d83f2-ffbd-0&#8243; taxonomies=&#8221;34&#8243;][\/vc_column][vc_column width=&#8221;1\/6&#8243;][\/vc_column][\/vc_row]","og_url":"https:\/\/www.wiss.com.pl\/en\/samochody\/","og_site_name":"WISS","article_publisher":"https:\/\/www.facebook.com\/ISSwawrzaszek\/","article_modified_time":"2022-07-12T15:49:17+00:00","twitter_card":"summary_large_image","twitter_misc":{"Est. reading time":"1 minute"},"schema":{"@context":"https:\/\/schema.org","@graph":[{"@type":"WebPage","@id":"https:\/\/www.wiss.com.pl\/samochody\/","url":"https:\/\/www.wiss.com.pl\/samochody\/","name":"samochody - WISS","isPartOf":{"@id":"https:\/\/www.wiss.com.pl\/#website"},"datePublished":"2020-06-25T10:49:58+00:00","dateModified":"2022-07-12T15:49:17+00:00","breadcrumb":{"@id":"https:\/\/www.wiss.com.pl\/samochody\/#breadcrumb"},"inLanguage":"en-US","potentialAction":[{"@type":"ReadAction","target":["https:\/\/www.wiss.com.pl\/samochody\/"]}]},{"@type":"BreadcrumbList","@id":"https:\/\/www.wiss.com.pl\/samochody\/#breadcrumb","itemListElement":[{"@type":"ListItem","position":1,"name":"Strona g\u0142\u00f3wna","item":"https:\/\/www.wiss.com.pl\/"},{"@type":"ListItem","position":2,"name":"samochody"}]},{"@type":"WebSite","@id":"https:\/\/www.wiss.com.pl\/#website","url":"https:\/\/www.wiss.com.pl\/","name":"WISS Samochody Specjalne","description":"Czo\u0142owy producent samochod\u00f3w po\u017carniczych w Polsce i Europie. Samochody przeznaczone dla s\u0142u\u017cb mundurowych, takich jak: stra\u017c po\u017carna, wojsko i policja.","publisher":{"@id":"https:\/\/www.wiss.com.pl\/#organization"},"potentialAction":[{"@type":"SearchAction","target":{"@type":"EntryPoint","urlTemplate":"https:\/\/www.wiss.com.pl\/?s={search_term_string}"},"query-input":{"@type":"PropertyValueSpecification","valueRequired":true,"valueName":"search_term_string"}}],"inLanguage":"en-US"},{"@type":"Organization","@id":"https:\/\/www.wiss.com.pl\/#organization","name":"WISS Samochody Specjalne","url":"https:\/\/www.wiss.com.pl\/","logo":{"@type":"ImageObject","inLanguage":"en-US","@id":"https:\/\/www.wiss.com.pl\/#\/schema\/logo\/image\/","url":"https:\/\/www.wiss.com.pl\/wp-content\/uploads\/2025\/01\/logo_bezpieczenstwo6-1.jpg","contentUrl":"https:\/\/www.wiss.com.pl\/wp-content\/uploads\/2025\/01\/logo_bezpieczenstwo6-1.jpg","width":1450,"height":407,"caption":"WISS Samochody Specjalne"},"image":{"@id":"https:\/\/www.wiss.com.pl\/#\/schema\/logo\/image\/"},"sameAs":["https:\/\/www.facebook.com\/ISSwawrzaszek\/"]}]}},"_links":{"self":[{"href":"https:\/\/www.wiss.com.pl\/en\/wp-json\/wp\/v2\/pages\/2178","targetHints":{"allow":["GET"]}}],"collection":[{"href":"https:\/\/www.wiss.com.pl\/en\/wp-json\/wp\/v2\/pages"}],"about":[{"href":"https:\/\/www.wiss.com.pl\/en\/wp-json\/wp\/v2\/types\/page"}],"author":[{"embeddable":true,"href":"https:\/\/www.wiss.com.pl\/en\/wp-json\/wp\/v2\/users\/1"}],"replies":[{"embeddable":true,"href":"https:\/\/www.wiss.com.pl\/en\/wp-json\/wp\/v2\/comments?post=2178"}],"version-history":[{"count":102,"href":"https:\/\/www.wiss.com.pl\/en\/wp-json\/wp\/v2\/pages\/2178\/revisions"}],"predecessor-version":[{"id":2411,"href":"https:\/\/www.wiss.com.pl\/en\/wp-json\/wp\/v2\/pages\/2178\/revisions\/2411"}],"wp:attachment":[{"href":"https:\/\/www.wiss.com.pl\/en\/wp-json\/wp\/v2\/media?parent=2178"}],"curies":[{"name":"wp","href":"https:\/\/api.w.org\/{rel}","templated":true}]}}

<p>[vc_row][vc_column][vc_row_inner][vc_column_inner][line_solid][/vc_column_inner][/vc_row_inner][/vc_column][/vc_row][vc_row][vc_column][heading text=&#8221;POJAZDY KLASY LEKKIEJ STRAŻY POŻARNEJ&#8221; tag=&#8221;h1&#8243; align=&#8221;center&#8221; color=&#8221;#878787&#8243;][/vc_column][/vc_row][vc_row][vc_column][vc_column_text el_class=&#8221;descriprion_opis&#8221;]</p>
<h3>Przedział od 2 do 7,5 tony &#8211; auta wykorzystywane w akcjach ratunkowych jako jednostki pomocnicze. W zależności od wymagań Klienta wyposażone w specjalistyczny sprzęt najwyższej jakości.</h3>
<p>[/vc_column_text][vc_row_inner][vc_column_inner][/vc_column_inner][/vc_row_inner][/vc_column][/vc_row][vc_row fullwidth=&#8221;yes&#8221;][vc_column width=&#8221;1/6&#8243;][/vc_column][vc_column width=&#8221;2/3&#8243;][vc_column_text el_class=&#8221;name_description&#8221;]</p>
<h4 style="text-align: left;">Wszystkie</h4>
<p>[/vc_column_text][line_solid][vc_basic_grid post_type=&#8221;portfolio&#8221; max_items=&#8221;-1&#8243; style=&#8221;lazy&#8221; items_per_page=&#8221;2&#8243; element_width=&#8221;6&#8243; gap=&#8221;35&#8243; initial_loading_animation=&#8221;fadeInLeft&#8221; grid_id=&#8221;vc_gid:1657640942321-f68d83f2-ffbd-0&#8243; taxonomies=&#8221;34&#8243;][/vc_column][vc_column width=&#8221;1/6&#8243;][/vc_column][/vc_row]</p>

<p>[vc_row][vc_column][vc_row_inner][vc_column_inner][line_solid][/vc_column_inner][/vc_row_inner][/vc_column][/vc_row][vc_row][vc_column][heading text=&#8221;POJAZDY KLASY LEKKIEJ STRAŻY POŻARNEJ&#8221; tag=&#8221;h1&#8243; align=&#8221;center&#8221; color=&#8221;#878787&#8243;][/vc_column][/vc_row][vc_row][vc_column][vc_column_text el_class=&#8221;descriprion_opis&#8221;] Przedział od 2 do 7,5 tony &#8211; auta wykorzystywane w akcjach ratunkowych jako jednostki pomocnicze. W zależności od wymagań Klienta wyposażone w specjalistyczny sprzęt najwyższej jakości. [/vc_column_text][vc_row_inner][vc_column_inner][/vc_column_inner][/vc_row_inner][/vc_column][/vc_row][vc_row fullwidth=&#8221;yes&#8221;][vc_column width=&#8221;1/6&#8243;][/vc_column][vc_column width=&#8221;2/3&#8243;][vc_column_text el_class=&#8221;name_description&#8221;] Wszystkie [/vc_column_text][line_solid][vc_basic_grid post_type=&#8221;portfolio&#8221; max_items=&#8221;-1&#8243; style=&#8221;lazy&#8221; items_per_page=&#8221;2&#8243; element_width=&#8221;6&#8243; gap=&#8221;35&#8243; initial_loading_animation=&#8221;fadeInLeft&#8221; grid_id=&#8221;vc_gid:1657640942321-f68d83f2-ffbd-0&#8243; taxonomies=&#8221;34&#8243;][/vc_column][vc_column width=&#8221;1/6&#8243;][/vc_column][/vc_row]</p>

<!-- This site is optimized with the Yoast SEO plugin v27.4 - https://yoast.com/product/yoast-seo-wordpress/ -->
<title>samochody - WISS</title>
<meta name="robots" content="index, follow, max-snippet:-1, max-image-preview:large, max-video-preview:-1" />
<link rel="canonical" href="https://www.wiss.com.pl/en/samochody/" />
<meta property="og:locale" content="en_US" />
<meta property="og:type" content="article" />
<meta property="og:title" content="samochody - WISS" />
<meta property="og:description" content="[vc_row][vc_column][vc_row_inner][vc_column_inner][line_solid][/vc_column_inner][/vc_row_inner][/vc_column][/vc_row][vc_row][vc_column][heading text=&#8221;POJAZDY KLASY LEKKIEJ STRAŻY POŻARNEJ&#8221; tag=&#8221;h1&#8243; align=&#8221;center&#8221; color=&#8221;#878787&#8243;][/vc_column][/vc_row][vc_row][vc_column][vc_column_text el_class=&#8221;descriprion_opis&#8221;] Przedział od 2 do 7,5 tony &#8211; auta wykorzystywane w akcjach ratunkowych jako jednostki pomocnicze. W zależności od wymagań Klienta wyposażone w specjalistyczny sprzęt najwyższej jakości. [/vc_column_text][vc_row_inner][vc_column_inner][/vc_column_inner][/vc_row_inner][/vc_column][/vc_row][vc_row fullwidth=&#8221;yes&#8221;][vc_column width=&#8221;1/6&#8243;][/vc_column][vc_column width=&#8221;2/3&#8243;][vc_column_text el_class=&#8221;name_description&#8221;] Wszystkie [/vc_column_text][line_solid][vc_basic_grid post_type=&#8221;portfolio&#8221; max_items=&#8221;-1&#8243; style=&#8221;lazy&#8221; items_per_page=&#8221;2&#8243; element_width=&#8221;6&#8243; gap=&#8221;35&#8243; initial_loading_animation=&#8221;fadeInLeft&#8221; grid_id=&#8221;vc_gid:1657640942321-f68d83f2-ffbd-0&#8243; taxonomies=&#8221;34&#8243;][/vc_column][vc_column width=&#8221;1/6&#8243;][/vc_column][/vc_row]" />
<meta property="og:url" content="https://www.wiss.com.pl/en/samochody/" />
<meta property="og:site_name" content="WISS" />
<meta property="article:publisher" content="https://www.facebook.com/ISSwawrzaszek/" />
<meta property="article:modified_time" content="2022-07-12T15:49:17+00:00" />
<meta name="twitter:card" content="summary_large_image" />
<meta name="twitter:label1" content="Est. reading time" />
	<meta name="twitter:data1" content="1 minute" />
<script type="application/ld+json" class="yoast-schema-graph">{"@context":"https:\/\/schema.org","@graph":[{"@type":"WebPage","@id":"https:\/\/www.wiss.com.pl\/samochody\/","url":"https:\/\/www.wiss.com.pl\/samochody\/","name":"samochody - WISS","isPartOf":{"@id":"https:\/\/www.wiss.com.pl\/#website"},"datePublished":"2020-06-25T10:49:58+00:00","dateModified":"2022-07-12T15:49:17+00:00","breadcrumb":{"@id":"https:\/\/www.wiss.com.pl\/samochody\/#breadcrumb"},"inLanguage":"en-US","potentialAction":[{"@type":"ReadAction","target":["https:\/\/www.wiss.com.pl\/samochody\/"]}]},{"@type":"BreadcrumbList","@id":"https:\/\/www.wiss.com.pl\/samochody\/#breadcrumb","itemListElement":[{"@type":"ListItem","position":1,"name":"Strona główna","item":"https:\/\/www.wiss.com.pl\/"},{"@type":"ListItem","position":2,"name":"samochody"}]},{"@type":"WebSite","@id":"https:\/\/www.wiss.com.pl\/#website","url":"https:\/\/www.wiss.com.pl\/","name":"WISS Samochody Specjalne","description":"Czołowy producent samochodów pożarniczych w Polsce i Europie. Samochody przeznaczone dla służb mundurowych, takich jak: straż pożarna, wojsko i policja.","publisher":{"@id":"https:\/\/www.wiss.com.pl\/#organization"},"potentialAction":[{"@type":"SearchAction","target":{"@type":"EntryPoint","urlTemplate":"https:\/\/www.wiss.com.pl\/?s={search_term_string}"},"query-input":{"@type":"PropertyValueSpecification","valueRequired":true,"valueName":"search_term_string"}}],"inLanguage":"en-US"},{"@type":"Organization","@id":"https:\/\/www.wiss.com.pl\/#organization","name":"WISS Samochody Specjalne","url":"https:\/\/www.wiss.com.pl\/","logo":{"@type":"ImageObject","inLanguage":"en-US","@id":"https:\/\/www.wiss.com.pl\/#\/schema\/logo\/image\/","url":"https:\/\/www.wiss.com.pl\/wp-content\/uploads\/2025\/01\/logo_bezpieczenstwo6-1.jpg","contentUrl":"https:\/\/www.wiss.com.pl\/wp-content\/uploads\/2025\/01\/logo_bezpieczenstwo6-1.jpg","width":1450,"height":407,"caption":"WISS Samochody Specjalne"},"image":{"@id":"https:\/\/www.wiss.com.pl\/#\/schema\/logo\/image\/"},"sameAs":["https:\/\/www.facebook.com\/ISSwawrzaszek\/"]}]}</script>
<!-- / Yoast SEO plugin. -->

[vc_row][vc_column][vc_row_inner][vc_column_inner][line_solid][/vc_column_inner][/vc_row_inner][/vc_column][/vc_row][vc_row][vc_column][heading text=&#8221;POJAZDY KLASY LEKKIEJ STRAŻY POŻARNEJ&#8221; tag=&#8221;h1&#8243; align=&#8221;center&#8221; color=&#8221;#878787&#8243;][/vc_column][/vc_row][vc_row][vc_column][vc_column_text el_class=&#8221;descriprion_opis&#8221;] Przedział od 2 do 7,5 tony &#8211; auta wykorzystywane w akcjach ratunkowych jako jednostki pomocnicze. W zależności od wymagań Klienta wyposażone w specjalistyczny sprzęt najwyższej jakości. [/vc_column_text][vc_row_inner][vc_column_inner][/vc_column_inner][/vc_row_inner][/vc_column][/vc_row][vc_row fullwidth=&#8221;yes&#8221;][vc_column width=&#8221;1/6&#8243;][/vc_column][vc_column width=&#8221;2/3&#8243;][vc_column_text el_class=&#8221;name_description&#8221;] Wszystkie [/vc_column_text][line_solid][vc_basic_grid post_type=&#8221;portfolio&#8221; max_items=&#8221;-1&#8243; style=&#8221;lazy&#8221; items_per_page=&#8221;2&#8243; element_width=&#8221;6&#8243; gap=&#8221;35&#8243; initial_loading_animation=&#8221;fadeInLeft&#8221; grid_id=&#8221;vc_gid:1657640942321-f68d83f2-ffbd-0&#8243; taxonomies=&#8221;34&#8243;][/vc_column][vc_column width=&#8221;1/6&#8243;][/vc_column][/vc_row]

Strona główna

Czołowy producent samochodów pożarniczych w Polsce i Europie. Samochody przeznaczone dla służb mundurowych, takich jak: straż pożarna, wojsko i policja.
